, 229, 48299
What are the prime factors of 9918156?
2, 3, 829, 997
What are the prime factors of 3089032?
2, 386129
List the prime factors of 27508329.
3, 17, 6659
List the prime factors of 46701550.
2, 5, 7, 17, 47, 167
List the prime factors of 596443769.
41, 14547409
List the prime factors of 6115887190.
2, 5, 7, 17, 5139401
What are the prime factors of 269379874?
2, 134689937
What are the prime factors of 249957378?
2, 3, 11, 1262411
List the prime factors of 334400425.
5, 131, 102107
What are the prime factors of 54664041?
3, 53, 343799
What are the prime factors of 35329056?
2, 3, 7, 19, 2767
List the prime factors of 20709210.
2, 3, 5, 227, 3041
List the prime factors of 875097214.
2, 29, 43, 350881
What are the prime factors of 85786473?
3, 41, 17011
What are the prime factors of 1736015180?
2, 5, 17, 19, 268733
List the prime factors of 144258114.
2, 3, 7, 11, 13, 24019
List the prime factors of 1545898268.
2, 386474567
List the prime factors of 81767007.
3, 7, 569, 2281
List the prime factors of 10431925.
5, 7, 59611
What are the prime factors of 39229524?
2, 3, 1089709
List the prime factors of 305729859.
3, 101909953
List the prime factors of 1052257258.
2, 13, 163, 248291
What are the prime factors of 80707032?
2, 3, 7, 79, 2027
List the prime factors of 840433591.
31, 251, 108011
What are the prime factors of 881567512?
2, 7, 15742277
What are the prime factors of 15774908?
2, 31, 127217
What are the prime factors of 117848950?
2, 5, 61, 38639
List the prime factors of 6321149419.
13, 131, 285521
List the prime factors of 101606661.
3, 13, 19, 45707
List the prime factors of 197308576.
2, 29, 173, 1229
What are the prime factors of 2966219271?
3, 449, 81559
List the prime factors of 9425837740.
2, 5, 11, 42844717
What are the prime factors of 96121141?
139, 193, 3583
List the prime factors of 167052967.
379, 440773
What are the prime factors of 1065997734?
2, 3, 177666289
What are the prime factors of 592726623?
3, 197575541
List the prime factors of 4490475.
3, 5, 11, 5443
List the prime factors of 3093094153.
21773, 142061
What are the prime factors of 549571046?
2, 43, 107, 59723
List the prime factors of 192224866.
2, 571, 168323
List the prime factors of 11333996.
2, 1409, 2011
List the prime factors of 26673613.
26673613
What are the prime factors of 323962121?
7, 31, 37, 157, 257
What are the prime factors of 1047625377?
3, 29, 31, 71, 5471
What are the prime factors of 2399223699?
3, 88860137
What are the prime factors of 757088581?
757088581
What are the prime factors of 382609427?
557, 686911
List the prime factors of 40246798.
2, 73, 181, 1523
What are the prime factors of 368755788?
2, 3, 31, 43, 23053
List the prime factors of 96579277.
23, 199, 21101
What are the prime factors of 17739270?
2, 3, 5, 65701
What are the prime factors of 2096873613?
3, 232985957
What are the prime factors of 286166307?
3, 7, 13626967
What are the prime factors of 33691918?
2, 13, 23, 103, 547
What are the prime factors of 804648385?
5, 19, 53, 159811
What are the prime factors of 250536960?
2, 3, 5, 5437
What are the prime factors of 45250343?
19, 421, 5657
List the prime factors of 1157824636.
2, 131, 2209589
What are the prime factors of 33332597?
17, 37, 197, 269
What are the prime factors of 407501217?
3, 127, 541, 659
What are the prime factors of 327926793?
3, 409, 267259
What are the prime factors of 378429816?
2, 3, 29, 18749
What are the prime factors of 912648316?
2, 228162079
List the prime factors of 103318258.
2, 233, 221713
What are the prime factors of 453581413?
23, 19720931
What are the prime factors of 100822417?
19, 73, 157, 463
What are the prime factors of 2463839264?
2, 47, 1638191
List the prime factors of 79125944.
2, 9890743
What are the prime factors of 198810858?
2, 3, 33135143
What are the prime factors of 895130203?
11, 81375473
List the prime factors of 1034718985.
5, 29, 2029, 3517
List the prime factors of 456614926.
2, 228307463
List the prime factors of 2377229129.
11, 216111739
What are the prime factors of 789670370?
2, 5, 78967037
List the prime factors of 215959896.
2, 3, 2999443
What are the prime factors of 855958541?
13997, 61153
List the prime factors of 561270892.
2, 7, 13, 220279
What are the prime factors of 162359953?
7, 3163, 7333
What are the prime factors of 108816415?
5, 21763283
What are the prime factors of 1431384627?
3, 19, 37, 647, 1049
List the prime factors of 4170926.
2, 31, 67273
List the prime factors of 2383347591.
3, 103, 857011
List the prime factors of 945401418.
2, 3, 13, 293, 13789
List the prime factors of 759393079.
20807, 36497
List the prime factors of 915501112.
2, 59, 1939621
What are the prime factors of 214897647?
3, 59, 197, 6163
What are the prime factors of 128550888?
2, 3, 89, 743
What are the prime factors of 1992686517?
3, 2129, 103997
List the prime factors of 142602800.
2, 5, 17, 67, 313
What are the prime factors of 2194120935?
3, 5, 103, 473381
List the prime factors of 1001449821.
3, 17, 47, 417793
List the prime factors of 820427200.
2, 5, 512767
What are the prime factors of 355384114?
2, 177692057
What are the prime factors of 1369156259?
23, 1987, 29959
List the prime factors of 192658806.
2, 3, 10703267
What are the prime factors of 52825103?
17, 3107359
What are the prime factors of 4209189752?
2, 181, 509, 5711
List the prime factors of 20528087.
20528087
What are the prime factors of 7378496?
2, 31, 3719
What are the prime factors of 77222951?
13, 83, 71569
List the prime factors of 3251725139.
13, 257, 973279
List the prime factors of 3011027303.
31, 757, 4139
What are the prime factors of 1452041?
53, 27397
What are the prime factors of 546729101?
4831, 113171
List the prime factors of 937586329.
17, 23, 223, 10753
What are the prime factors of 9647014?
2, 13, 31, 11969
List the prime factors of 1588356606.
2, 3, 264726101
What are the prime factors of 45144305?
5, 9028861
What are the prime factors of 104640924?
2, 3, 1667, 5231
List the prime factors of 395473967.
7, 43, 499, 2633
List the prime factors of 1082958098.
2, 59, 9177611
List the prime factors of 157700350.
2, 5, 41, 43, 1789
What are the prime factors of 237048307?
37, 47, 271, 503
What are the prime factors of 157564595?
5, 229, 241, 571
List the prime factors of 30669952.
2, 19, 12611
List the prime factors of 46049155.
5, 9209831
What are the prime factors of 119247247?
7, 17035321
List the prime factors of 517207116.
2, 3, 17, 293, 509
List the prime factors of 280050685.
5, 56010137
What are the prime factors of 648462355?
5, 41, 3163231
List the prime factors of 74696116.
2, 11, 1193, 1423
List the prime factors of 1760656882.
2, 229, 3844229
What are the prime factors of 1135872523?
1135872523
List the prime factors of 552905324.
2, 1019, 135649
List the prime factors of 644778256.
2, 2417, 16673
What are the prime factors of 182238943?
182238943
List the prime factors of 312634981.
17, 1213, 15161
What are the prime factors of 2808586608?
2, 3, 31, 353, 5347
List the prime factors of 3538284445.
5, 89, 7951201
List the prime factors of 131649652.
2, 151, 211, 1033
List the prime factors of 3924729363.
3, 31, 2423, 17417
List the prime factors of 7255557426.
2, 3, 13, 93019967
List the prime factors of 8770525805.
5, 30671, 57191
List the prime factors of 67902619.
97, 700027
What are the prime factors of 38218471?
317, 120563
What are the prime factors of 31517170?
2, 5, 3151717
What are the prime factors of 1835005871?
8521, 215351
List the prime factors of 71272837.
23, 3098819
What are the prime factors of 87632341?
4357, 20113
What are the prime factors of 372715903?
7, 103, 73849
List the prime factors of 76514722.
2, 17, 53, 42461
List the prime factors of 9422153.
13, 724781
List the prime factors of 88302249.
3, 7, 1401623
What are the prime factors of 342840312?
2, 3, 167, 28513
What are the prime factors of 66829685?
5, 13, 1028149
What are the prime factors of 131228026?
2, 65614013
List the prime factors of 2292626702.
2, 1146313351
What are the prime factors of 7295811852?
2, 3, 7, 59, 1472117
What are the prime factors of 5090177314?
2, 739, 3443963
List the prime factors of 1331040882.
2, 3, 221840147
List the prime factors of 40757103.
3, 4528567
Li